c - 3*c + 5*b - 14. What are the prime factors of 12 - ((-2 - c) + x)?
2, 7
Suppose 3*a - 7*a + 2228 = 4*h, 4*a - 2256 = 3*h. What are the prime factors of a?
3, 11, 17
Suppose 6*o - 2*o = 20. Suppose -4*z + 8 = 4*b - 2*b, -z - 20 = -o*b. Suppose z = -5*s + 144 - 19. What are the prime factors of s?
5
Let l(a) = a**3 - 4*a**2 - 2*a + 5. Let u be l(4). Let m(c) = -c - 2. Let y be m(2). What are the prime factors of u/((-18)/(-75))*y?
2, 5
Suppose -21*c = -8*c - 6604. List the prime factors of c.
2, 127
Let d(y) = 7*y**3 + 3*y**2 - 6*y + 5. Let g be d(3). Let s = g + -41. List the prime factors of s.
2, 3
Let u = 4553 + -2815. List the prime factors of u.
2, 11, 79
Let p = -613 - -981. List the prime factors of p.
2, 23
What are the prime factors of (39/(-6) - -3)*-546?
3, 7, 13
Let q(y) = -y. Let t(n) = n**3 - 7*n**2 + 6*n + 11. Let x(b) = -q(b) - t(b). Let p be (-7)/(-1) + (-1 - 1). What are the prime factors of x(p)?
2, 7
Let b(t) = 5*t + 16. Let d be b(-5). Let a(f) = f**2 + 4*f + 1. List the prime factors of a(d).
2, 23
Suppose -4*r + 13*r = 162. Suppose r*k = 15*k + 324. What are the prime factors of k?
2, 3
Let z(o) = -12*o**2 + 9*o + 16. Let h be z(-2). Let s = 200 + h. List the prime factors of s.
2, 3, 5
Suppose -57 - 3 = -4*i. Let x be (-138)/i + 3/15. Let y = x - -12. List the prime factors of y.
3
Suppose -2*t = -5 - 1. Let f = 179 - 56. Suppose 0 = 4*v - 12, -2*u + 4*v = t*u - f. List the prime factors of u.
3
Let a = -30 - -34. Let t(y) = 8 + 3 + y**3 - a*y - 9*y - 4*y**2. What are the prime factors of t(6)?
5
Suppose -4*s + t - 61 = -6*s, 0 = -5*t + 25. Suppose 25*j = s*j - 186. List the prime factors of j.
2, 31
Let i(d) = -16*d + 16. Let t be i(-4). Suppose 38 = s - t. List the prime factors of s.
2, 59
Suppose -3*x + 8 = -7. Let j(c) = -c + 13. Let z be j(x). Suppose -z - 4 = -d. What are the prime factors of d?
2, 3
Let g(a) = 6*a**2 + 66*a + 15. List the prime factors of g(12).
3, 557
Suppose m = -4*y + 8, -5*m - 3*y = -0*y - 91. Suppose -6*c + 112 = -14*c. List the prime factors of (c/8)/((-5)/m).
7
Let n be (123/3)/(3/9). Suppose -9 = -3*g + 4*s + n, 2*g - 88 = -s. What are the prime factors of g?
2, 11
Suppose -32290 = -14*k + 10200. What are the prime factors of k?
5, 607
Let x = 1512 + -687. List the prime factors of x.
3, 5, 11
Let m = 31 + -23. Suppose 126 = -m*r + 14*r. What are the prime factors of r?
3, 7
Let h be (-1)/(2 - 3)*42. What are the prime factors of 36/h*14/3?
2
Let h(r) = -3*r**3 - 4*r**2 + 2. Suppose 2*p + 3 = -1. What are the prime factors of h(p)?
2, 5
List the prime factors of (-47 - -46)/((-1)/25).
5
Let f(n) = -2*n**2 - n - 1. Let m be 12/(-4) + 0 + 0. Let i be f(m). What are the prime factors of i/(-3)*(-27)/(-18)?
2
Let x = 273 + 1061. What are the prime factors of x?
2, 23, 29
Let z = -25 + 25. Suppose z = 9*q - 2122 + 205. What are the prime factors of q?
3, 71
Let g(o) = -o**3 + 8*o + 4*o**2 + o**2 - 1 + 9 + 2*o**2. What are the prime factors of g(7)?
2
Let c(r) = -r**3 + 11*r**2 - 3*r + 24. Let g be c(11). List the prime factors of 7/(70/(-15))*168/g.
2, 7
Let j(f) = f**3 + 19*f**2 - 21*f + 29. What are the prime factors of j(-20)?
7
Suppose 5*b + 4*a - 56 = 0, -3*b = -2*b - 2*a. Suppose -3*d = -b*d. List the prime factors of (d + -3)/((-4)/4).
3
Let u = 8 + -2. Let y be (580/u)/(-5)*12. List the prime factors of 2/9 + y/(-9).
2, 13
Let d be 80/(1/2*2). Let k = d + -49. List the prime factors of k.
31
Suppose 16*i = 15*i + 58. Suppose i - 42 = 2*o. List the prime factors of o.
2
Suppose 0 = -3*o + 5*f + 1306, -2*o + 2*f = 2*o - 1746. List the prime factors of o.
19, 23
Let b(d) = d**2 + 6*d - 9. Let x be b(-9). Let j be (-66)/x + 1/(-3). List the prime factors of (-27)/j + 6/24.
7
Let x = 125 - 103. Let d = x + 78. List the prime factors of d.
2, 5
Let b(u) = 46*u**2 + u + 2. Suppose -3*m = q + 2*q + 3, 3*m = -4*q - 3. List the prime factors of b(m).
47
Let p = -51 + 54. What are the prime factors of (-23 + -2)*3/(-5) + p?
2, 3
Suppose -3*f = 5*f - 24. Suppose -f*g - 2*g = -215. List the prime factors of g.
43
Suppose -66*x + 68*x = 2884. List the prime factors of x.
2, 7, 103
Let k(a) = 74*a**2 + 5*a - 7. Let b be k(-5). Suppose 498 - b = -11*d. List the prime factors of d.
2, 3, 5
Let c(s) be the first derivative of -s**2/2 - 4*s - 3. Let m = -13 - -3. List the prime factors of c(m).
2, 3
Suppose -2*k + 0*u + 21 = -u, 5*u - 25 = -3*k. Suppose -c + 7 + k = 0. Let v = c - -3. What are the prime factors of v?
2, 5
What are the prime factors of 40/(-48) + (-5109)/(-18)?
283
Suppose -k + 2948 = 4*g + 500, -3*g + 5*k + 1813 = 0. What are the prime factors of g?
13, 47
Suppose 13*r - 12*r = 2*z + 485, -3*r + 4*z = -1451. What are the prime factors of r?
13, 37
Let k(i) = -i**2 - 2*i + 2. Let p be k(-2). Let w(n) = n**3 + 3*n - 2*n**2 - n**2 + 0*n**p. What are the prime factors of w(3)?
3
Let g be (2/(-4))/(1/(-94)). Let t = g - 14. Suppose 57 + t = 5*m. What are the prime factors of m?
2, 3
Let n = -581 - -588. What are the prime factors of n?
7
Let l(u) = 32*u + 184. List the prime factors of l(23).
2, 5, 23
Let l(s) = -s**3 + 20*s**2 + 2*s + 62. What are the prime factors of l(20)?
2, 3, 17
Suppose 39*h = 37*h + 308. What are the prime factors of h?
2, 7, 11
Let p = 7 - 0. Let n be (p/(-21))/(2/(-636)). Suppose 290 = 5*k - 2*w, -3*k + w = -69 - n. What are the prime factors of k?
2, 3, 5
List the prime factors of (-4 - (0 + (-203)/49))*21.
3
Let s(h) = 29*h**2 + 5*h - 4. Let m(g) = -13 + 3*g + 5*g + 4 - 3*g. Let p be m(2). List the prime factors of s(p).
2, 3, 5
Let j be (-216 + 14)/(3*(-2)/3). Let d = j + -30. List the prime factors of d.
71
Let q be (3/(-24)*10)/(2/(-24)). What are the prime factors of q/(-2 + 3 + 4/(-5))?
3, 5
Suppose 0 = -8*q + 3*q, 10 = -5*p - q. What are the prime factors of p/(-8) - 2295/(-20)?
5, 23
Let l(u) = 7*u + 34. Let w(t) = 3*t + 17. Let k(n) = 2*l(n) - 5*w(n). Let c be k(-12). Let z = 21 + c. What are the prime factors of z?
2
Suppose -6*f + 6379 - 1237 = 0. List the prime factors of f.
857
Suppose 0 = 3*s - 3*b - 3837, -2*s + 2461 + 97 = b. What are the prime factors of s?
1279
Let r(h) = h**2 + 5*h + 6. Let v be r(-4). Let u be 925 + 4*1/v. What are the prime factors of 4/10 + u/45?
3, 7
Let b(p) = -523*p - 22. What are the prime factors of b(-2)?
2
Let c be -1 + (-4)/2 + 12. Suppose c*w = 14*w. List the prime factors of w + 43 - (9 + -10).
2, 11
Let q be (1 - 2)/(((-1)/5)/1). Suppose 0 = -0*g + 3*g - 3, 191 = 3*s + q*g. List the prime factors of s.
2, 31
Let n(j) = -6*j**2 + 115*j + 35. List the prime factors of n(17).
2
Suppose -654 = -3*j - 15. Let g = j - 142. List the prime factors of g.
71
Let v(u) = u**3 + u**2 + u - 1. Let d be v(5). Suppose 2*j = j - 5*w + 43, 4*j + 2*w = d. What are the prime factors of j?
2, 19
Let f(s) = -s**2 + 6*s + 5. Suppose -3*p + 3*z + 3 = -2*z, 0 = -2*p + 4*z. Let j be f(p). Suppose -29 + 4 = -j*t. What are the prime factors of t?
5
Let m = 7 + -5. What are the prime factors of ((-5)/5)/(m/(-70))?
5, 7
Suppose 5*y + 3*j = 306, -3*y + 304 = 2*y + 2*j. Let t = -7 + y. What are the prime factors of t?
53
Let c(u) = 308*u - 437. What are the prime factors of c(13)?
3, 29, 41
Let l(x) = 3*x**2 + 19*x - 8. Let a be l(-8). Suppose 3*s = 0, -m + 4*s + 139 = a. List the prime factors of m.
107
Let f(d) = -16*d**2 + 4*d - 3. Let y be f(1). List the prime factors of 10*5*y/(-6).
5
Let p(r) = -3*r + r - 31*r**2 + 32*r**2 - 5. What are the prime factors of p(-4)?
19
Let b = 38 + -58. List the prime factors of (-2)/(-5) + (-2132)/b.
107
Let l(s) = 6*s**2 - 4*s - 28. Let n(o) = -7*o**2 + 5*o + 27. Let j(g) = -6*l(g) - 5*n(g). List the prime factors of j(0).
3, 11
Suppose -2*b - 5*k = -1133, -19*b + 3*k - 567 = -20*b. List the prime factors of b.
2, 3, 47
Suppose 4 = 2*l - g, -4 = 2*l + g - 0. Suppose -6*t + t + 350 = l. Suppose 0 = -5*j + 195 - t. What are the prime factors of j?
5
Suppose 3*x - 5958 = 3*h, -7249 = -3*x + 4*h - 1289. What are the prime factors of x?
2, 31
Let i be (-8 + 4 + 6)*4. Suppose 3*z - 4*h + i = -16, -h = -5*z - 57. List the prime factors of z*(8/(-3) - 1).
2, 11
What are the prime factors of -1 + 0 - 3520/(7 + -11)?
3, 293
Let p = 45 - 40. Suppose -204 = -p*a - r + 444, 0 = -5*a + 5*r + 660. List the prime fa